ided by 5298?
26
Calculate the remainder when 97388 is divided by 2438.
2306
Calculate the remainder when 848749 is divided by 848571.
178
What is the remainder when 30591789 is divided by 1008?
1005
What is the remainder when 272366 is divided by 3443?
369
Calculate the remainder when 44809167 is divided by 814712.
7
Calculate the remainder when 1048960 is divided by 16650.
10
Calculate the remainder when 1049754 is divided by 16.
10
Calculate the remainder when 157287 is divided by 6197.
2362
What is the remainder when 6061702 is divided by 299?
75
Calculate the remainder when 35844658 is divided by 7811.
7790
Calculate the remainder when 3084218 is divided by 85672.
26
What is the remainder when 9175711 is divided by 1692?
1687
Calculate the remainder when 3600205 is divided by 3085.
10
What is the remainder when 73674231 is divided by 111797?
8
What is the remainder when 477135 is divided by 68104?
407
What is the remainder when 112842496 is divided by 137?
117
Calculate the remainder when 566683 is divided by 1733.
1725
Calculate the remainder when 1881606 is divided by 535.
11
Calculate the remainder when 8605065 is divided by 68294.
21
Calculate the remainder when 3877228 is divided by 4386.
4
What is the remainder when 185392 is divided by 183385?
2007
What is the remainder when 185573 is divided by 2900?
2873
Calculate the remainder when 263128 is divided by 2180.
1528
Calculate the remainder when 90915965 is divided by 225.
215
What is the remainder when 203358 is divided by 20335?
8
Calculate the remainder when 9226169 is divided by 174.
167
What is the remainder when 357796 is divided by 357788?
8
What is the remainder when 288586 is divided by 12322?
5180
Calculate the remainder when 59103 is divided by 3934.
93
Calculate the remainder when 326616 is divided by 81641.
52
Calculate the remainder when 692267 is divided by 392.
387
Calculate the remainder when 26075025 is divided by 912.
33
Calculate the remainder when 1673222 is divided by 610.
602
What is the remainder when 460214 is divided by 192?
182
What is the remainder when 4058424 is divided by 1940?
1884
Calculate the remainder when 276809 is divided by 594.
5
What is the remainder when 175551 is divided by 58368?
447
What is the remainder when 1732416 is divided by 288733?
18
Calculate the remainder when 179987 is divided by 59850.
437
Calculate the remainder when 168285 is divided by 9850.
835
Calculate the remainder when 11323809 is divided by 11323792.
17
Calculate the remainder when 1866477 is divided by 616.
613
Calculate the remainder when 30903214 is divided by 18.
4
What is the remainder when 1260939 is divided by 42?
15
What is the remainder when 367496 is divided by 59?
44
What is the remainder when 134717 is divided by 559?
557
What is the remainder when 827619 is divided by 25863?
3
Calculate the remainder when 96529349 is divided by 14.
7
Calculate the remainder when 12004991 is divided by 118.
25
What is the remainder when 33680917 is divided by 2441?
2440
Calculate the remainder when 976246 is divided by 163.
39
Calculate the remainder when 6483516 is divided by 6394.
0
Calculate the remainder when 90636 is divided by 2400.
1836
What is the remainder when 6199962 is divided by 1479?
1473
What is the remainder when 40854755 is divided by 149?
147
Calculate the remainder when 1003497 is divided by 4624.
89
What is the remainder when 6500265 is divided by 43048?
17
What is the remainder when 111090252 is divided by 953?
948
What is the remainder when 892244 is divided by 892239?
5
What is the remainder when 125323605 is divided by 102?
81
Calculate the remainder when 474422935 is divided by 1383.
1381
Calculate the remainder when 907547 is divided by 39458.
13
Calculate the remainder when 183312 is divided by 239.
238
What is the remainder when 13059424 is divided by 4353097?
133
Calculate the remainder when 498292 is divided by 856.
100
What is the remainder when 1165913 is divided by 10?
3
Calculate the remainder when 926169 is divided by 6090.
489
What is the remainder when 650778 is divided by 3084?
54
What is the remainder when 8679498 is divided by 250?
248
Calculate the remainder when 1118269 is divided by 1053.
1036
What is the remainder when 3503134 is divided by 67?
39
Calculate the remainder when 7796240 is divided by 323.
312
Calculate the remainder when 390860065 is divided by 49.
1
What is the remainder when 14855097 is divided by 25?
22
What is the remainder when 40022901 is divided by 211?
210
Calculate the remainder when 194613 is divided by 14795.
2278
What is the remainder when 3585976 is divided by 3585533?
443
Calculate the remainder when 146590287 is divided by 18.
15
What is the remainder when 58000677 is divided by 8?
5
What is the remainder when 21965 is divided by 1928?
757
What is the remainder when 174212 is divided by 1081?
171
What is the remainder when 15843766 is divided by 15843741?
25
What is the remainder when 457550 is divided by 1271?
1261
Calculate the remainder when 216795 is divided by 108030.
735
Calculate the remainder when 97965 is divided by 2848.
1133
What is the remainder when 1408778 is divided by 922?
884
What is the remainder when 198820054 is divided by 24?
22
Calculate the remainder when 933470 is divided by 2112.
2078
Calculate the remainder when 14596 is divided by 6472.
1652
What is the remainder when 39754600 is divided by 306?
304
Calculate the remainder when 842741 is divided by 140397.
359
Calculate the remainder when 202319030 is divided by 12970.
0
Calculate the remainder when 349809 is divided by 6852.
357
What is the remainder when 90807 is divided by 28516?
5259
Calculate the remainder when 58983734 is divided by 149.
147
Calculate the remainder when 83082321 is divided by 5766.
27
What is the remainder when 3737707 is divided by 175?
57
Calculate the remainder when 36745797 is divided by 182.
179
Calculate the remainder when 1151873 is divided by 127959.
242
What is the remainder when 563805 is divided by 4385?
2525
Calculate the remainder when 1600715 is divided by 676.
623
Calculate the remainder when 1901369 is divided by 316884.
65
Calculate the remainder when 647001 is divided by 1246.
327
Calculate the remainder when 677345 is divided by 99.
86
Calculate the remainder when 81225724 is divided by 16.
12
What is the remainder when 7603844 is divided by 950476?
36
Calculate the remainder when 86292 is divided by 1094.
960
What is the remainder when 10878593 is divided by 50?
43
What is the remainder when 51374339 is divided by 5253?
5252
What is the remainder when 32232441 is divided by 32232441?
0
Calculate the remainder when 694753 is divided by 720.
673
Calculate the remainder when 4897279 is divided by 979455.
4
Calculate the remainder when 2092857 is divided by 240.
57
Calculate the remainder when 1321190 is divided by 734.
724
What is the remainder when 32203547 is divided by 42541?
10
Calculate the remainder when 250813 is divided by 250797.
16
What is the remainder when 12721372 is divided by 7?
6
Calculate the remainder when 9873 is divided by 912.
753
Calculate the remainder when 92897 is divided by 6635.
7
What is the remainder when 1686397 is divided by 167?
31
Calculate the remainder when 34069 is divided by 16844.
381
What is the remainder when 193566943 is divided by 1705?
1703
Calculate the remainder when 1047772 is divided by 1196.
76
What is the remainder when 3683275 is divided by 920810?
35
What is the remainder when 13892258 is divided by 235?
233
Calculate the remainder when 29112406 is divided by 12.
10
Calculate the remainder when 3964191 is divided by 26.
23
Calculate the remainder when 378950 is divided by 34425.
275
What is the remainder when 798786 is divided by 266258?
12
What is the remainder when 35336 is divided by 4466?
4074
What is the remainder when 899360 is divided by 3492?
1916
What is the remainder when 38547 is divided by 307?
172
What is the remainder when 10837 is divided by 3549?
190
Calculate the remainder when 2001465 is divided by 5529.
5496
Calculate the remainder when 134653 is divided by 7273.
3739
Calculate the remainder when 847744367 is divided by 5.
2
Calculate the remainder when 140048 is divided by 921.
56
Calculate the remainder when 5